 d. Calculate the greatest common divisor of 80 and a.
40
Suppose 16 = -4*a, -3*d - 49 = 5*a + 1. Let t be ((-15)/d)/((-2)/(-12)). Let h = t - 4. Calculate the greatest common factor of 35 and h.
5
Suppose 3*y - 7*y + 12 = 0. Suppose -2*g + 6*g = -2*o + 90, 4*g - 84 = -4*o. Calculate the highest common factor of y and g.
3
Let y be 4/(-6) + (-17374)/(-51). What is the greatest common divisor of 51 and y?
17
Suppose -18*w + 2 = -19*w. Let o be -1*((-42)/(-8))/(w/48). Calculate the greatest common divisor of o and 14.
14
Let o be ((-171)/95)/(3/(-10)). What is the greatest common factor of 3 and o?
3
Let w = -291 - -327. What is the greatest common factor of w and 414?
18
Let z(c) = 5*c**2 + 2*c + 1. Let p be z(-1). Let n be p/(-3)*(-273)/28. Calculate the greatest common factor of 52 and n.
13
Let b be -61 - 1 - -5*14/35. Let m = -53 - b. What is the greatest common divisor of m and 77?
7
Let w(p) = p**3 - 15*p**2 + 2*p - 16. Let s be w(15). Let y(a) = 4*a**2 - 5*a - 9. Let t be y(-3). Calculate the greatest common factor of s and t.
14
Suppose -4*m + 5*n = 67, 0 = -3*m - 0*n - 4*n - 58. Let c be (m/15)/(-3*2/90). What is the highest common divisor of 12 and c?
6
Let r(i) = 170*i**2 + 13*i + 14. Let y be r(-1). Calculate the highest common factor of y and 912.
57
Let c(u) = -u**2 - 3*u + 2. Let m be c(-3). Let a be (4 + -2 + m)/((-1)/(-4)). What is the highest common factor of 16 and a?
16
Suppose -319*z + 322*z = 5*g + 8, 4 = -g + z. Suppose 23 + 49 = 4*m. Calculate the highest common divisor of g and m.
2
Let z be 39/312 - (-239)/8. What is the greatest common divisor of z and 80?
10
Suppose y = 5*y - 5*k - 18, 3*y = -2*k + 2. Suppose -y*j - 2*j = 48. Let v be (9 + -10)/(2/j). What is the highest common factor of 1 and v?
1
Suppose 5*q = 2*q + 45. Suppose -5*w - 4*n = -8*w + 35, 5*w = -2*n + 15. What is the greatest common factor of w and q?
5
Let u = -1 - 2. Let m(o) = o**3 - 13*o**2 - o + 17. Let v be m(13). Let w be v/(12/423) - u. What is the greatest common factor of w and 16?
16
Suppose 3*y = -3, -6*c + 9*c + 4*y = 77. Calculate the highest common divisor of 351 and c.
27
Let t = -29 + 45. Suppose -4*u + 15 = -5*u + 5*g, 4*u = -2*g + 28. Let p be (8/u)/((-3)/(-120)). Calculate the greatest common divisor of p and t.
16
Let h = -134 + 199. Calculate the highest common divisor of 91 and h.
13
Suppose -9*f = -11*f. Suppose 2*h = 3*c - 5, 3*c - 3*h - 2*h - 8 = f. Suppose 14 = 3*j - 7. Calculate the highest common factor of c and j.
1
Suppose -35 + 243 = 13*r. What is the greatest common divisor of 496 and r?
16
Suppose -5*b + 3 + 42 = 0. Let t be (21/b + -3)*-3. Suppose -3*c - z + 452 = 0, 2*c + t*z = -3*c + 752. Calculate the highest common divisor of c and 19.
19
Let k = 604 + -60. What is the greatest common factor of 204 and k?
68
Let l = 735 - 729. Calculate the greatest common factor of l and 318.
6
Suppose 3*n = -9, 0*z - 2*n + 2 = 2*z. Suppose -62 - 98 = -z*q. Let i be -1*5*(-144)/q. What is the greatest common factor of i and 9?
9
Let m(u) = -u**3 - 18*u**2 - 13*u + 90. Let t be m(-17). What is the highest common divisor of t and 12?
2
Suppose -7*a = -4*a - 99. Suppose 0 = 2*r - 2*f + 6, -2*r - 3*r = f + a. Let v be r/7*(-77)/11. Calculate the greatest common factor of 9 and v.
3
Let v(a) = -a - 3. Let k be v(-5). Let c be 0 + 12/3 + -4. Let m(q) = 2*q + 16. Let s be m(c). Calculate the greatest common factor of s and k.
2
Let m = 110 - 55. What is the highest common factor of 143 and m?
11
Let d be -88*1/8*-4. Calculate the greatest common divisor of 429 and d.
11
Suppose 2*a = -1495 + 2111. Calculate the highest common factor of 44 and a.
44
Let s(z) = 8*z**2 + 3*z + 1. Let u be s(1). Suppose -60 = -17*w + u*w. What is the highest common factor of 96 and w?
12
Suppose -3*g + 3*t - 243 = 0, -5*g = -2*t + 667 - 268. Suppose -94*f - 596 = -90*f. Let p = g - f. What is the greatest common factor of 28 and p?
14
Let b = -17 - -23. Suppose -b*c + 2*c - 2*u - 6 = 0, 0 = -c - 3*u - 9. Let r be c + -3 - (-270)/6. Calculate the highest common factor of 6 and r.
6
Suppose 198 = 4*y + 138. Calculate the greatest common divisor of y and 12.
3
Let g(u) = -u**3 + 62*u**2 - 45*u - 332. Let o be g(61). What is the highest common divisor of 28 and o?
28
Let u = -14 - -14. Suppose 0 = -5*c - s + 205, 5*c - 3*s - 148 - 37 = u. Let b be (7 - 1)/(12/c). Calculate the greatest common divisor of b and 140.
20
Let l(s) be the first derivative of -6*s + 1/3*s**3 + 5 + s**2. Let a be l(4). What is the greatest common factor of a and 27?
9
Let s = 95 + -95. Suppose -3*v + 158 - 26 = s. Calculate the greatest common divisor of 110 and v.
22
Let m(g) = 2*g**3 - 54*g**2 + 8*g + 34. Let v be m(27). Calculate the highest common divisor of v and 10.
10
Let i = 0 - -5. Suppose -3*b - o + 8 = -7, -29 = -i*b - 3*o. Let d(a) = 8*a**2 + 55*a - 1. Let g be d(-7). What is the greatest common divisor of b and g?
2
Let m = -9 - -93. Suppose -2*t + 112 = 5*u, -2*t = -10*u + 5*u + 128. What is the highest common factor of u and m?
12
Let d = 86 - 83. What is the greatest common factor of 120 and d?
3
Let r be (-8 - -2)*(-1890)/90. Calculate the highest common divisor of r and 35.
7
Let b be 20/(-35) - (-11)/7. Let v be ((-1 - 1) + 4)/b. Let p be ((-2)/(-1))/(v + 0). Calculate the highest common divisor of p and 4.
1
Suppose -5*u + 135 = 5*y, -2*y - 2*y + 3*u + 87 = 0. What is the greatest common divisor of y and 54?
6
Let q be (-4)/(-42)*24 - (-4)/(-14). Suppose -q*z - 2*t = -0*z - 2, z = 4*t + 6. Calculate the greatest common factor of z and 16.
2
Let w be (-50)/(10/2) + 86. What is the highest common divisor of w and 95?
19
Let g be ((-12)/(-15) - 2)/((-12)/210). What is the highest common divisor of g and 273?
21
Suppose 0 = -4*w - 4*f - 60, -4*w + 12 - 71 = 3*f. Let o = 25 + w. Calculate the greatest common divisor of 1 and o.
1
Let b be (-30)/25*20/(-6). Let x be (-12)/(-4) - b - -2. What is the greatest common divisor of 4 and x?
1
Let q(z) = -128*z. Let t be q(-1). What is the greatest common divisor of 16 and t?
16
Let o be 662/11 - (4 + (-42)/11). Let x = 59 - 44. Calculate the greatest common divisor of x and o.
15
Let h(o) = -o**3 - 4*o**2 + 4*o - 7. Let u be h(-5). Let n = 9 - u. Suppose 2*v = 6*v + 8, 5*b = -5*v + 265. What is the greatest common divisor of n and b?
11
Let l = 19 + -21. Let x be 286/33*(-3)/l. Calculate the highest common divisor of 26 and x.
13
Let h = 1543 + -778. What is the highest common factor of h and 45?
45
Let x be ((-1)/(-2))/(3/(-24)) - -4. Suppose 0 = v - 3*p - x*p - 115, 3*v - 331 = -5*p. Calculate the highest common divisor of 28 and v.
28
Let d(i) = i**2 + 13*i - 9. Let s be d(9). What is the greatest common divisor of s and 135?
27
Let v be -11*(9/(-3) - (-3 + 6)). Calculate the greatest common divisor of 88 and v.
22
Suppose 5*s + 2*p + p - 12 = 0, 0 = -s - 4*p - 1. Suppose 2*i = s*g + 9, 2*i - g = 31 - 12. Calculate the greatest common divisor of 30 and i.
6
Suppose -4*w - 2*b + 148 = 0, 3*w - 4*b = w + 54. Suppose 31*r - w*r = -96. What is the highest common divisor of 72 and r?
24
Suppose 4*g - 3*r = 19, 0*g + 2*g = -r + 7. Suppose g*w = -0*w + 120. What is the highest common divisor of w and 45?
15
Let i(o) = o**2 + o - 4. Let z = -17 + 13. Let g be i(z). Let t(f) = -2*f - 11. Let q be t(-6). What is the highest common factor of g and q?
1
Let r(h) = -5*h**2 + h**3 + 6*h**2 + 5*h - 5*h. Let g(s) = s - 5. Let x be g(7). Let c be r(x). Calculate the highest common divisor of c and 4.
4
Let v(i) = -i**3 + 70. Let k be v(0). Let q(j) = j**2 - 15*j + 2. Let c be q(14). Let f = 2 - c. Calculate the greatest common divisor of k and f.
14
Suppose 0 = 17*d - 276 - 251. Calculate the highest common divisor of d and 31.
31
Let g = -7 + 9. Let z = -2 + g. Suppose z = 2*n - 5*h + h - 40, -4*h = -4*n + 60. Calculate the greatest common factor of n and 15.
5
Let r be 6/21 + 5676/(-21). Let t be ((-8)/6)/(5/r). Calculate the highest common factor of 9 and t.
9
Suppose 813 = 3*w + 78. What is the greatest common factor of w and 21?
7
Let l be 100/(-25)*1*-2 - 3. Calculate the greatest common divisor of 91 and l.
1
Suppose 229*d - 261 = 226*d. What is the greatest common divisor of 6 and d?
3
Let x be (3 - 4)/(-3 + 1 + 3). Let b be ((-3